{"id":77,"date":"2016-09-11T12:12:14","date_gmt":"2016-09-11T10:12:14","guid":{"rendered":"https:\/\/karinahermes.de\/?page_id=77"},"modified":"2021-04-19T11:22:33","modified_gmt":"2021-04-19T09:22:33","slug":"ueber-mich","status":"publish","type":"page","link":"https:\/\/blog.karinahermes.de\/index.php\/ueber-mich\/","title":{"rendered":"\u00dcber mich"},"content":{"rendered":"<p>Hallo zusammen,<\/p>\n<p>ich hei\u00dfe Karina und dies ist mein Blog, der sich grob gesagt mit Japan befasst. Alles was mit Japan zu tun hat und mich gen\u00fcgend interessiert, werde ich hier thematisieren.<\/p>\n<p>Von 2008 bis 2016 habe ich in D\u00fcsseldorf Japanologie studiert. W\u00e4hrend dieser Zeit war ich dreimal in Japan, davon einmal f\u00fcr ein Auslandsjahr an der Universit\u00e4t Kanazawa in der Pr\u00e4fektur Ishikawa. Inzwischen bin ich selbstst\u00e4ndige \u00dcbersetzerin f\u00fcr Englisch, Franz\u00f6sisch und nat\u00fcrlich Japanisch! In dieser Eigenschaft befasse ich mich vor allem mit Texten aus dem Bereich Jura und Medizin (mehr dazu unter <a href=\"https:\/\/karinahermes.de\/\">karinahermes.de<\/a>) . Aber auch andere Themen und aktuelle Ereignisse in Japan interessieren mich sehr. So habe ich mich im Master intensiv mit dem japanischen Sozialsystem befasst.<\/p>\n<p>Die Themenauswahl ist nicht eingeschr\u00e4nkt. Entweder berichte ich von Erlebnissen in Japan, von Dingen, die ich w\u00e4hrend des Studiums gelernt habe, tollen Filmen oder B\u00fcchern, die mir vor die Nase gekommen sind oder aktuellen Ereignissen. Bei letzteren beziehe ich mich dann meist auf Artikel der Asahi Shimbun, der Mainichi Shimbun oder auf NHK-Beitr\u00e4ge. <\/p>\n<p>Wenn ihre euch \u00fcber Beitr\u00e4ge oder Japanthemen austauschen wollt, nur zu! Ich freue mich \u00fcber jeden konstruktiven Beitrag sowie Feedback. \ud83d\ude42<\/p>\n<p>Karina<\/p>\n\n","protected":false},"excerpt":{"rendered":"<p>Hallo zusammen, ich hei\u00dfe Karina und dies ist mein Blog, der sich grob gesagt mit Japan befasst. Alles was mit Japan zu tun hat und mich gen\u00fcgend interessiert, werde ich hier thematisieren. Von 2008 bis 2016 habe ich in D\u00fcsseldorf Japanologie studiert. W\u00e4hrend dieser Zeit war ich dreimal in Japan, davon einmal f\u00fcr ein Auslandsjahr &hellip; <a href=\"https:\/\/blog.karinahermes.de\/index.php\/ueber-mich\/\" class=\"more-link\"><span class=\"screen-reader-text\">\u00dcber mich<\/span> weiterlesen<\/a><\/p>\n","protected":false},"author":1,"featured_media":358,"parent":0,"menu_order":0,"comment_status":"closed","ping_status":"closed","template":"","meta":{"footnotes":""},"class_list":["post-77","page","type-page","status-publish","has-post-thumbnail","hentry"],"_links":{"self":[{"href":"https:\/\/blog.karinahermes.de\/index.php\/wp-json\/wp\/v2\/pages\/77","targetHints":{"allow":["GET"]}}],"collection":[{"href":"https:\/\/blog.karinahermes.de\/index.php\/wp-json\/wp\/v2\/pages"}],"about":[{"href":"https:\/\/blog.karinahermes.de\/index.php\/wp-json\/wp\/v2\/types\/page"}],"author":[{"embeddable":true,"href":"https:\/\/blog.karinahermes.de\/index.php\/wp-json\/wp\/v2\/users\/1"}],"replies":[{"embeddable":true,"href":"https:\/\/blog.karinahermes.de\/index.php\/wp-json\/wp\/v2\/comments?post=77"}],"version-history":[{"count":2,"href":"https:\/\/blog.karinahermes.de\/index.php\/wp-json\/wp\/v2\/pages\/77\/revisions"}],"predecessor-version":[{"id":362,"href":"https:\/\/blog.karinahermes.de\/index.php\/wp-json\/wp\/v2\/pages\/77\/revisions\/362"}],"wp:featuredmedia":[{"embeddable":true,"href":"https:\/\/blog.karinahermes.de\/index.php\/wp-json\/wp\/v2\/media\/358"}],"wp:attachment":[{"href":"https:\/\/blog.karinahermes.de\/index.php\/wp-json\/wp\/v2\/media?parent=77"}],"curies":[{"name":"wp","href":"https:\/\/api.w.org\/{rel}","templated":true}]}}